 base 12
1707299
What is 389b0 (base 13) in base 7?
614620
What is 95916 (base 11) in base 2?
100010000100001010
-68669 (base 12) to base 13
-4b477
10a4197 (base 13) to base 12
186b9b8
Convert 261984 (base 12) to base 16.
98a34
Convert 8862 (base 12) to base 10.
15050
What is -2198a (base 16) in base 4?
-201212022
725840 (base 10) to base 14
14c73a
Convert 1011111010001 (base 2) to base 5.
143342
Convert 87473 (base 9) to base 12.
29679
What is -330302111 (base 4) in base 9?
-418475
Convert -1652117 (base 9) to base 5.
-213420340
What is 265472 (base 8) in base 16?
16b3a
56005241 (base 7) to base 15
654b6b
1120256 (base 7) to base 10
139397
What is -155a6 (base 12) in base 9?
-45410
What is -3301430040 (base 5) in base 8?
-32737426
Convert -156131 (base 7) to base 6.
-355125
Convert -313639 (base 11) to base 4.
-1322230123
210403054 (base 6) to base 14
6b7b50
What is 2121110120121 (base 3) in base 2?
101010010100111100011
Convert 514aa (base 16) to base 10.
332970
-35694 (base 14) to base 7
-1051544
What is -16578893 (base 10) in base 7?
-260626652
What is 1078167 (base 10) in base 15?
1646cc
Convert -10000000000101111110 (base 2) to base 7.
-4313436
Convert -332b9 (base 15) to base 5.
-20200444
What is -13ac2 (base 16) in base 9?
-132471
What is -32401331 (base 5) in base 9?
-463727
What is 211034220 (base 5) in base 8?
3261573
410224213 (base 5) to base 2
110010010100000101011
What is 1b4a5 (base 13) in base 7?
312043
Convert -5257401 (base 8) to base 11.
-877302
Convert 1857025 (base 11) to base 5.
1301030033
What is 2002220121121 (base 3) in base 15?
171d97
-125104b (base 14) to base 15
-b8c66a
What is 30240654 (base 7) in base 4?
21211310010
What is -1331133032 (base 4) in base 9?
-863058
134357 (base 11) to base 5
23220343
What is -1003088 (base 9) in base 12?
-218a38
-226844 (base 9) to base 13
-4a053
-1110011110100101111 (base 2) to base 7
-4014064
What is -3671003 (base 8) in base 13?
-295968
Convert -1231114 (base 5) to base 4.
-11311211
Convert -1f8b28 (base 16) to base 8.
-7705450
What is 343353110 (base 6) in base 12?
2152796
What is -3411280 (base 11) in base 15?
-7d065e
What is -11120201221 (base 3) in base 13?
-3209b
-a5784 (base 11) to base 16
-25994
What is 23044584 (base 9) in base 7?
164053423
What is -10111010000110111110 (base 2) in base 11?
-480802
What is 20133130300 (base 4) in base 6?
115413224
13474777 (base 8) to base 11
17a0469
What is -6832562 (base 9) in base 10?
-3682640
What is -3404300 (base 7) in base 12?
-184052
What is -5354450 (base 6) in base 4?
-1000132332
Convert 202041 (base 8) to base 5.
4112333
Convert -2bb222 (base 12) to base 10.
-745082
Convert 15368ba (base 12) to base 9.
8078887
Convert -30212340 (base 5) to base 6.
-5102255
Convert -43012130 (base 5) to base 14.
-95430
What is -3665276 (base 8) in base 15?
-14e57b
Convert 10111101001101010000 (base 2) to base 10.
774992
Convert 1320242334 (base 5) to base 14.
619168
110454031 (base 6) to base 8
7476303
What is 241654 (base 8) in base 15?
19840
Convert -111000000010111111111011 (base 2) to base 11.
-832563a
Convert 3242441 (base 6) to base 16.
27619
-2055025 (base 7) to base 10
-249037
Convert -2520410 (base 6) to base 8.
-407426
Convert -52984 (base 12) to base 8.
-323764
What is -4565273 (base 8) in base 13?
-345397
What is -122200232233 (base 4) in base 5?
-3234343212
What is -93c1 (base 14) in base 4?
-12031231
What is -12d4 (base 14) in base 7?
-12454
What is 1729e0 (base 16) in base 2?
101110010100111100000
What is 9699e (base 16) in base 14?
120b38
What is 100002012020 (base 3) in base 2?
101011101000111010
Convert 11001001010100100100 (base 2) to base 6.
25401352
Convert 10421052 (base 9) to base 10.
5033063
Convert 4007510 (base 8) to base 7.
11642323
18062a (base 13) to base 16
92aff
What is 547a929 (base 11) in base 6?
542100022
What is -1122103020 (base 4) in base 16?
-5a4c8
Convert 3022331123 (base 4) to base 11.
518649
What is 120002122010 (base 3) in base 16?
488cd
-442023 (base 7) to base 9
-127320
9612683 (base 10) to base 11
5476173
What is 55b711 (base 12) in base 11?
854778
-c1ce1 (base 15) to base 7
-5134315
Convert 1532 (base 7) to base 15.
2ab
3ee854 (base 15) to base 2
1011100101001101100100
124534 (base 8) to base 12
21110
What is 61633244 (base 8) in base 7?
215654061
What is 1230088 (base 10) in base 13?
340b82
Convert -4567335 (base 9) to base 14.
-482853
What is -131310 (base 12) in base 4?
-1030131330
-121314340 (base 5) to base 6
-20141115
What is 11011001100101010000110 (base 2) in base 10?
7129734
Convert 30141131 (base 5) to base 14.
6374a
Convert -9423a (base 14) to base 15.
-70c5e
-1445010 (base 7) to base 14
-51707
354618 (base 13) to base 6
43051243
Convert 120022110211111 (base 3) to base 10.
8138434
103321321222 (base 4) to base 8
23717152
What is 54025 (base 12) in base 14?
2c457
5c918 (base 14) to base 5
24224134
5a0db2 (base 14) to base 15
40b609
Convert 142563 (base 15) to base 16.
ecc73
What is 103311430 (base 6) in base 16?
1c256a
What is -130c870 (base 14) in base 16?
-8c0a02
Convert -11b22 (base 15) to base 4.
-31302323
What is -13021333 (base 4) in base 16?
-727f
What is 49b9b (base 14) in base 6?
3512205
Convert 213443011 (base 5) to base 6.
31430451
30155105 (base 6) to base 15
11d5c5
-30101012 (base 4) to base 12
-250b2
-351521154 (base 6) to base 7
-106322662
Convert -38aa57 (base 12) to base 16.
-e3563
What is -3212213 (base 6) in base 16?
-26691
What is 44241134 (base 5) in base 9?
644566
-61231e (base 15) to base 11
-26718a5
111111101000001101 (base 2) to base 14
6ad9b
Convert 11100010011011111 (base 2) to base 4.
130103133
What is -2214040 (base 6) in base 2?
-11011000111001000
Convert -403301441 (base 5) to base 3.
-10001020211211
Convert -81356 (base 11) to base 15.
-25358
Convert -1054216 (base 7) to base 15.
-28cc7
-11120122110002 (base 3) to base 11
-1412550
What is -11f15 (base 16) in base 11?
-50242
1465723 (base 8) to base 15
84a49
-615a9 (base 16) to base 5
-100230021
Convert -76d52c (base 14) to base 13.
-ab2296
-5442156 (base 7) to base 8
-2424375
Convert -50160216 (base 7) to base 10.
-4149039
What is 4223021401 (base 5) in base 6?
512325035
d3972 (base 14) to base 5
112301004
Convert -30133121331 (base 4) to base 10.
-3274365
-101012021112 (base 3) to base 4
-300333212
164a383 (base 11) to base 16
2ae153
Convert -226031 (base 7) to base 5.
-2243441
Convert 11101000111011 (base 2) to base 4.
3220323
1ab7d (base 14) to base 15
152b8
Convert 3142647 (base 10) to base 9.
5818810
-1131145 (base 7) to base 6
-3013444
Convert -6240823 (base 9) to base 8.
-14557031
Convert 6eac0 (base 16) to base 11.
28a642
Convert 158736 (base 10) to base 12.
77a40
What is 5c28bc (base 13) in base 11?
12767a5
a9450 (base 13) to base 4
1022233030
-35407700 (base 9) to base 3
-1012110021210000
-2345424 (base 7) to base 4
-1020210210
Convert -22ab3 (base 12) to base 2.
-1011010110100111
Convert 4413142044 (base 5) to base 12.
3225123
Convert -172cc (base 16) to base 9.
-154181
Convert 10100212212 (base 3) to base 2.
10000001011001110
-1136808 (base 11) to base 12
-7b9021
Convert -3a4b71 (base 15) to base 9.
-5237447
-1513023 (base 6) to base 2
-10101010111000111
-27305 (base 16) to base 13
-580a6
Convert 10102123313 (base 4) to base 9.
2102855
-258802 (base 12) to base 10
-616322
-212160 (base 8) to base 14
-1bb0c
Convert -229097 (base 10) to base 6.
-4524345
What is -5525253 (base 6) in base 12?
-113829
What is 27531367 (base 8) in base 16?
5eb2f7
Convert 433211453 (base 6) to base 4.
131123222121
What is 1c11d9 (base 14) in base 15?
14bd17
Convert -221210022102 (base 3) to base 6.
-14514015
What is 22542144 (base 6) in base 7?
5634145
Convert 54678 (base 11) to base 10.
79340
Convert 3438423 (base 12) to base 5.
10031424130
Convert -e7898 (base 15) to base 8.
-2632156
34012300 (base 5) to base 4
1020231201
What is -616644 (base 7) in base 16?
-19c9b
Convert -54564 (base 7) to base 15.
-40b3
-20420103 (base 6) to base 3
-1010011021110
106400 (base 9) to base 5
4014442
-100220012 (base 3) to base 16
-1c2e
Convert 54233124 (base 7) to base 11.
2682835
Convert 7414304 (base 8) to base 4.
13201203010
Convert -31233130133 (base 4) to base 8.
-15573437
Convert -33230411 (base 6) to base 4.
-3303333013
C